{"id":1888,"date":"2024-05-15T08:14:10","date_gmt":"2024-05-15T06:14:10","guid":{"rendered":"https:\/\/photonicsnl.dev.impression.nl\/?post_type=events&#038;p=1888"},"modified":"2024-06-27T13:38:45","modified_gmt":"2024-06-27T11:38:45","slug":"les-femmes-dans-la-photonique","status":"publish","type":"events","link":"https:\/\/photonicsnl.com\/fr\/events\/women-in-photonics\/","title":{"rendered":"Les femmes dans la photonique"},"content":{"rendered":"<div data-elementor-type=\"wp-post\" data-elementor-id=\"1888\" class=\"elementor elementor-1888\" data-elementor-post-type=\"events\">\n\t\t\t\t<div class=\"elementor-element elementor-element-59c78e30 e-con-full e-flex e-con e-parent\" data-id=\"59c78e30\" data-element_type=\"container\" data-e-type=\"container\">\n\t\t<div class=\"elementor-element elementor-element-c642ace e-con-full e-flex e-con e-child\" data-id=\"c642ace\" data-element_type=\"container\" data-e-type=\"container\">\n\t\t\t\t<div class=\"elementor-element elementor-element-e09f27a elementor-widget elementor-widget-text-editor\" data-id=\"e09f27a\" data-element_type=\"widget\" data-e-type=\"widget\" data-widget_type=\"text-editor.default\">\n\t\t\t\t<div class=\"elementor-widget-container\">\n\t\t\t\t\t\t\t\t\t<h4><strong>Programme, de 12h30 \u00e0 17h00 :<\/strong><\/h4>\n<p><!-- \/wp:heading --><!-- wp:list --><\/p>\n<ul>\n<li style=\"list-style-type: none;\">\n<ul><!-- wp:list-item --><\/ul>\n<\/li>\n<\/ul>\n<p>\u00a0<\/p>\n<ul>\n<li style=\"list-style-type: none;\">\n<ul>\n<li>Inscription et d\u00e9jeuner<\/li>\n<\/ul>\n<\/li>\n<\/ul>\n<p><!-- \/wp:list-item --><!-- wp:list-item --><\/p>\n<ul>\n<li style=\"list-style-type: none;\">\n<ul>\n<li>Bienvenue<\/li>\n<\/ul>\n<\/li>\n<\/ul>\n<p><!-- \/wp:list-item --><!-- wp:list-item --><\/p>\n<ul>\n<li style=\"list-style-type: none;\">\n<ul>\n<li>Premier orateur -\u00a0<a href=\"https:\/\/www.linkedin.com\/in\/esther-alarcon-llado-1ab3192b\/\" target=\"_blank\" rel=\"noopener\">Esther Alarc\u00f3n Llad\u00f3<\/a><\/li>\n<\/ul>\n<\/li>\n<\/ul>\n<p><!-- \/wp:list-item --><!-- wp:list-item --><\/p>\n<ul>\n<li style=\"list-style-type: none;\">\n<ul>\n<li>Pause<\/li>\n<\/ul>\n<\/li>\n<\/ul>\n<p><!-- \/wp:list-item --><!-- wp:list-item --><\/p>\n<ul>\n<li style=\"list-style-type: none;\">\n<ul>\n<li style=\"font-size: 18px;\">Deuxi\u00e8me orateur -\u00a0<a href=\"https:\/\/www.linkedin.com\/in\/qian-tao-mandy\/\" target=\"_blank\" rel=\"noopener\">Qian Tao<\/a><\/li>\n<li>Sujet\u00a0<\/li>\n<\/ul>\n<\/li>\n<\/ul>\n<p><!-- \/wp:list-item --><!-- wp:list-item --><\/p>\n<ul>\n<li style=\"list-style-type: none;\">\u00a0<\/li>\n<\/ul>\n<p><!-- \/wp:list-item --><!-- wp:list-item --><\/p>\n<p><!-- \/wp:list-item --><!-- wp:list-item --><\/p>\n<ul>\n<li style=\"list-style-type: none;\">\n<ul>\n<li>Pause<\/li>\n<\/ul>\n<\/li>\n<\/ul>\n<p><!-- \/wp:list-item --><!-- wp:list-item --><\/p>\n<ul>\n<li style=\"list-style-type: none;\">\n<ul>\n<li>Table ronde - Anke Peters (mod\u00e9ratrice)<\/li>\n<\/ul>\n<\/li>\n<\/ul>\n<p><!-- \/wp:list-item --><!-- wp:list-item --><\/p>\n<ul>\n<li>Mise en r\u00e9seau (boissons et bouch\u00e9es)<\/li>\n<\/ul>\t\t\t\t\t\t\t\t<\/div>\n\t\t\t\t<\/div>\n\t\t\t\t<\/div>\n\t\t<div class=\"elementor-element elementor-element-f05db8d e-con-full e-flex e-con e-child\" data-id=\"f05db8d\" data-element_type=\"container\" data-e-type=\"container\">\n\t\t<div class=\"elementor-element elementor-element-2504e80 e-flex e-con-boxed e-con e-child\" data-id=\"2504e80\" data-element_type=\"container\" data-e-type=\"container\">\n\t\t\t\t\t<div class=\"e-con-inner\">\n\t\t<div class=\"elementor-element elementor-element-63e8997 e-con-full e-flex e-con e-child\" data-id=\"63e8997\" data-element_type=\"container\" data-e-type=\"container\">\n\t\t\t\t<div class=\"elementor-element elementor-element-d211714 elementor-widget elementor-widget-image\" data-id=\"d211714\" data-element_type=\"widget\" data-e-type=\"widget\" data-widget_type=\"image.default\">\n\t\t\t\t<div class=\"elementor-widget-container\">\n\t\t\t\t\t\t\t\t\t\t\t\t\t\t\t<img decoding=\"async\" width=\"164\" height=\"179\" src=\"https:\/\/photonicsnl.com\/wp-content\/uploads\/2024\/05\/esther-alarcon.png\" class=\"attachment-large size-large wp-image-1890\" alt=\"\" srcset=\"https:\/\/photonicsnl.com\/wp-content\/uploads\/2024\/05\/esther-alarcon.png 164w, https:\/\/photonicsnl.com\/wp-content\/uploads\/2024\/05\/esther-alarcon-11x12.png 11w\" sizes=\"(max-width: 164px) 100vw, 164px\" \/>\t\t\t\t\t\t\t\t\t\t\t\t\t\t\t<\/div>\n\t\t\t\t<\/div>\n\t\t\t\t<\/div>\n\t\t<div class=\"elementor-element elementor-element-c3cc154 e-con-full e-flex e-con e-child\" data-id=\"c3cc154\" data-element_type=\"container\" data-e-type=\"container\">\n\t\t\t\t<div class=\"elementor-element elementor-element-c1f410c elementor-widget elementor-widget-heading\" data-id=\"c1f410c\" data-element_type=\"widget\" data-e-type=\"widget\" data-widget_type=\"heading.default\">\n\t\t\t\t<div class=\"elementor-widget-container\">\n\t\t\t\t\t<h2 class=\"elementor-heading-title elementor-size-default\">Rencontrer les orateurs<\/h2>\t\t\t\t<\/div>\n\t\t\t\t<\/div>\n\t\t\t\t<div class=\"elementor-element elementor-element-7ab77d47 elementor-widget elementor-widget-text-editor\" data-id=\"7ab77d47\" data-element_type=\"widget\" data-e-type=\"widget\" data-widget_type=\"text-editor.default\">\n\t\t\t\t<div class=\"elementor-widget-container\">\n\t\t\t\t\t\t\t\t\t<p><strong>Esther Alarc\u00f3n Llad\u00f3<\/strong>\u00a0(n\u00e9 en 1982) est chef de groupe scientifique \u00e0 l'institut AMOLF de l'Organisation mondiale de la sant\u00e9 et professeur \u00e0 l'Institut Van' Hoff des sciences mol\u00e9culaires (HIMS) de l'universit\u00e9 d'Amsterdam.<\/p>\n<p>Apr\u00e8s son\u00a0<em>cum laude<\/em>\u00a0Doctorat \u00e0 Barcelone (7<sup>th<\/sup> Juillet 2009), Esther a occup\u00e9 des postes de post-doc \u00e0 A-STAR (Singapour), Lawrence Berkeley National Laboratories (CA, USA), et \u00e0 l'EPFL (Lausanne).\u00a0<\/p>\t\t\t\t\t\t\t\t<\/div>\n\t\t\t\t<\/div>\n\t\t\t\t<\/div>\n\t\t\t\t\t<\/div>\n\t\t\t\t<\/div>\n\t\t<div class=\"elementor-element elementor-element-4b80bbd e-con-full e-flex e-con e-child\" data-id=\"4b80bbd\" data-element_type=\"container\" data-e-type=\"container\">\n\t\t\t\t<div class=\"elementor-element elementor-element-f83c437 elementor-widget elementor-widget-text-editor\" data-id=\"f83c437\" data-element_type=\"widget\" data-e-type=\"widget\" data-widget_type=\"text-editor.default\">\n\t\t\t\t<div class=\"elementor-widget-container\">\n\t\t\t\t\t\t\t\t\t<p>Tous ces laboratoires sont renomm\u00e9s et les projets qu'elle y a men\u00e9s lui ont permis d'acqu\u00e9rir une expertise dans un tr\u00e8s large \u00e9ventail de domaines de recherche. Elle s'est sp\u00e9cialis\u00e9e dans la photo-\u00e9lectrochimie, la photovolta\u00efque, la nanofabrication et la nanophotonique, et s'est ainsi form\u00e9e pour devenir une scientifique v\u00e9ritablement multidisciplinaire qui int\u00e8gre la chimie, la physique, la science des mat\u00e9riaux et l'ing\u00e9nierie. Pendant son post-doc, Esther a obtenu quatre bourses prestigieuses qui ont financ\u00e9 ses recherches (bourse Fulbright, bourse Beatriu de Pinos Generalitat, bourse Marie-Curie de l'UE et bourse Ambizione Energy). En 2016, Esther a fond\u00e9 le groupe \"3D Photovoltaics\" \u00e0 AMOLF.<\/p>\t\t\t\t\t\t\t\t<\/div>\n\t\t\t\t<\/div>\n\t\t<div class=\"elementor-element elementor-element-5504f13 e-con-full e-flex e-con e-child\" data-id=\"5504f13\" data-element_type=\"container\" data-e-type=\"container\">\n\t\t<div class=\"elementor-element elementor-element-3b40a22 e-flex e-con-boxed e-con e-child\" data-id=\"3b40a22\" data-element_type=\"container\" data-e-type=\"container\">\n\t\t\t\t\t<div class=\"e-con-inner\">\n\t\t<div class=\"elementor-element elementor-element-5f6afe6 e-con-full e-flex e-con e-child\" data-id=\"5f6afe6\" data-element_type=\"container\" data-e-type=\"container\">\n\t\t\t\t<div class=\"elementor-element elementor-element-942ad1e elementor-widget elementor-widget-image\" data-id=\"942ad1e\" data-element_type=\"widget\" data-e-type=\"widget\" data-widget_type=\"image.default\">\n\t\t\t\t<div class=\"elementor-widget-container\">\n\t\t\t\t\t\t\t\t\t\t\t\t\t\t\t<img fetchpriority=\"high\" decoding=\"async\" width=\"250\" height=\"273\" src=\"https:\/\/photonicsnl.com\/wp-content\/uploads\/2024\/05\/TaoQ2022.jpg\" class=\"attachment-large size-large wp-image-2027\" alt=\"\" srcset=\"https:\/\/photonicsnl.com\/wp-content\/uploads\/2024\/05\/TaoQ2022.jpg 250w, https:\/\/photonicsnl.com\/wp-content\/uploads\/2024\/05\/TaoQ2022-11x12.jpg 11w\" sizes=\"(max-width: 250px) 100vw, 250px\" \/>\t\t\t\t\t\t\t\t\t\t\t\t\t\t\t<\/div>\n\t\t\t\t<\/div>\n\t\t\t\t<\/div>\n\t\t<div class=\"elementor-element elementor-element-c1ca741 e-con-full e-flex e-con e-child\" data-id=\"c1ca741\" data-element_type=\"container\" data-e-type=\"container\">\n\t\t\t\t<div class=\"elementor-element elementor-element-11d0844 elementor-widget elementor-widget-text-editor\" data-id=\"11d0844\" data-element_type=\"widget\" data-e-type=\"widget\" data-widget_type=\"text-editor.default\">\n\t\t\t\t<div class=\"elementor-widget-container\">\n\t\t\t\t\t\t\t\t\t<p><strong>Qian <span class=\"outlook-search-highlight\" data-markjs=\"true\">Tao<\/span><\/strong> est professeur adjoint au d\u00e9partement de physique de l'imagerie de l'universit\u00e9 de technologie de Delft, aux Pays-Bas. Elle dirige le laboratoire d'IA de TU Delft pour l'imagerie m\u00e9dicale. Qian est affili\u00e9e au Biomedical Imaging Group Rotterdam (BIGR), d\u00e9partement de radiologie et de m\u00e9decine nucl\u00e9aire, Erasmus Medical Center.\u00a0<\/p>\t\t\t\t\t\t\t\t<\/div>\n\t\t\t\t<\/div>\n\t\t\t\t<\/div>\n\t\t\t\t\t<\/div>\n\t\t\t\t<\/div>\n\t\t<div class=\"elementor-element elementor-element-95288ee e-con-full e-flex e-con e-child\" data-id=\"95288ee\" data-element_type=\"container\" data-e-type=\"container\">\n\t\t\t\t<div class=\"elementor-element elementor-element-607d77c elementor-widget elementor-widget-text-editor\" data-id=\"607d77c\" data-element_type=\"widget\" data-e-type=\"widget\" data-widget_type=\"text-editor.default\">\n\t\t\t\t<div class=\"elementor-widget-container\">\n\t\t\t\t\t\t\t\t\t<div>Qian fait partie du comit\u00e9 de r\u00e9daction du RSNA Journal <i>Radiologie : Intelligence artificielle<\/i>. Elle fait partie du comit\u00e9 du registre international SCMR, la plus grande base de donn\u00e9es clinique d'IRM cardiaque au monde. Qian a \u00e9t\u00e9 pr\u00e9sidente du programme et pr\u00e9sidente de zone pour MICCAI et AAAI. Avant de rejoindre la TU Delft, Qian \u00e9tait chercheuse au LKEB, d\u00e9partement de radiologie, centre m\u00e9dical de l'universit\u00e9 de Leiden. Elle a obtenu son doctorat \u00e0 l'universit\u00e9 de Twente, aux Pays-Bas, ainsi qu'une ma\u00eetrise et une licence avec distinction \u00e0 l'universit\u00e9 de Fudan, en Chine.<\/div>\n<div class=\"elementToProof\">\u00a0<\/div>\n<div class=\"elementToProof\">Ses recherches portent sur l'IA digne de confiance pour l'imagerie m\u00e9dicale, dans le but de comprendre l'incertitude de l'IA et d'am\u00e9liorer sa fiabilit\u00e9 dans les applications d'imagerie m\u00e9dicale \u00e0 fort enjeu et en g\u00e9n\u00e9ral.<\/div>\t\t\t\t\t\t\t\t<\/div>\n\t\t\t\t<\/div>\n\t\t\t\t<\/div>\n\t\t\t\t<\/div>\n\t\t\t\t<\/div>\n\t\t\t\t<\/div>\n\t\t\t\t<\/div>\n\t\t\t\t<\/div>","protected":false},"excerpt":{"rendered":"<p>Le mini-symposium Women in Photonics Benelux vise \u00e0 rassembler les professionnels et les universitaires pour qu'ils se soutiennent mutuellement.<\/p>","protected":false},"featured_media":2395,"template":"elementor_theme","class_list":["post-1888","events","type-events","status-publish","has-post-thumbnail","hentry"],"_links":{"self":[{"href":"https:\/\/photonicsnl.com\/fr\/wp-json\/wp\/v2\/events\/1888","targetHints":{"allow":["GET"]}}],"collection":[{"href":"https:\/\/photonicsnl.com\/fr\/wp-json\/wp\/v2\/events"}],"about":[{"href":"https:\/\/photonicsnl.com\/fr\/wp-json\/wp\/v2\/types\/events"}],"version-history":[{"count":0,"href":"https:\/\/photonicsnl.com\/fr\/wp-json\/wp\/v2\/events\/1888\/revisions"}],"wp:featuredmedia":[{"embeddable":true,"href":"https:\/\/photonicsnl.com\/fr\/wp-json\/wp\/v2\/media\/2395"}],"wp:attachment":[{"href":"https:\/\/photonicsnl.com\/fr\/wp-json\/wp\/v2\/media?parent=1888"}],"curies":[{"name":"wp","href":"https:\/\/api.w.org\/{rel}","templated":true}]}}

<div data-elementor-type="wp-post" data-elementor-id="1888" class="elementor elementor-1888" data-elementor-post-type="events">
				<div class="elementor-element elementor-element-59c78e30 e-con-full e-flex e-con e-parent" data-id="59c78e30" data-element_type="container" data-e-type="container">
		<div class="elementor-element elementor-element-c642ace e-con-full e-flex e-con e-child" data-id="c642ace" data-element_type="container" data-e-type="container">
				<div class="elementor-element elementor-element-e09f27a elementor-widget elementor-widget-text-editor" data-id="e09f27a" data-element_type="widget" data-e-type="widget" data-widget_type="text-editor.default">
				<div class="elementor-widget-container">
									<h4><strong>Programme, de 12h30 à 17h00 :</strong></h4>
<p><!-- /wp:heading --><!-- wp:list --></p>
<ul>
<li style="list-style-type: none;">
<ul><!-- wp:list-item --></ul>
</li>
</ul>
<p> </p>
<ul>
<li style="list-style-type: none;">
<ul>
<li>Inscription et déjeuner</li>
</ul>
</li>
</ul>
<p><!-- /wp:list-item --><!-- wp:list-item --></p>
<ul>
<li style="list-style-type: none;">
<ul>
<li>Bienvenue</li>
</ul>
</li>
</ul>
<p><!-- /wp:list-item --><!-- wp:list-item --></p>
<ul>
<li style="list-style-type: none;">
<ul>
<li>Premier orateur - <a href="https://www.linkedin.com/in/esther-alarcon-llado-1ab3192b/" target="_blank" rel="noopener">Esther Alarcón Lladó</a></li>
</ul>
</li>
</ul>
<p><!-- /wp:list-item --><!-- wp:list-item --></p>
<ul>
<li style="list-style-type: none;">
<ul>
<li>Pause</li>
</ul>
</li>
</ul>
<p><!-- /wp:list-item --><!-- wp:list-item --></p>
<ul>
<li style="list-style-type: none;">
<ul>
<li style="font-size: 18px;">Deuxième orateur - <a href="https://www.linkedin.com/in/qian-tao-mandy/" target="_blank" rel="noopener">Qian Tao</a></li>
<li>Sujet </li>
</ul>
</li>
</ul>
<p><!-- /wp:list-item --><!-- wp:list-item --></p>
<ul>
<li style="list-style-type: none;"> </li>
</ul>
<p><!-- /wp:list-item --><!-- wp:list-item --></p>
<p><!-- /wp:list-item --><!-- wp:list-item --></p>
<ul>
<li style="list-style-type: none;">
<ul>
<li>Pause</li>
</ul>
</li>
</ul>
<p><!-- /wp:list-item --><!-- wp:list-item --></p>
<ul>
<li style="list-style-type: none;">
<ul>
<li>Table ronde - Anke Peters (modératrice)</li>
</ul>
</li>
</ul>
<p><!-- /wp:list-item --><!-- wp:list-item --></p>
<ul>
<li>Mise en réseau (boissons et bouchées)</li>
</ul>								</div>
				</div>
				</div>
		<div class="elementor-element elementor-element-f05db8d e-con-full e-flex e-con e-child" data-id="f05db8d" data-element_type="container" data-e-type="container">
		<div class="elementor-element elementor-element-2504e80 e-flex e-con-boxed e-con e-child" data-id="2504e80" data-element_type="container" data-e-type="container">
					<div class="e-con-inner">
		<div class="elementor-element elementor-element-63e8997 e-con-full e-flex e-con e-child" data-id="63e8997" data-element_type="container" data-e-type="container">
				<div class="elementor-element elementor-element-d211714 elementor-widget elementor-widget-image" data-id="d211714" data-element_type="widget" data-e-type="widget" data-widget_type="image.default">
				<div class="elementor-widget-container">
															<img decoding="async" width="164" height="179" src="https://photonicsnl.com/wp-content/uploads/2024/05/esther-alarcon.png" class="attachment-large size-large wp-image-1890" alt="" srcset="https://photonicsnl.com/wp-content/uploads/2024/05/esther-alarcon.png 164w, https://photonicsnl.com/wp-content/uploads/2024/05/esther-alarcon-11x12.png 11w" sizes="(max-width: 164px) 100vw, 164px" />															</div>
				</div>
				</div>
		<div class="elementor-element elementor-element-c3cc154 e-con-full e-flex e-con e-child" data-id="c3cc154" data-element_type="container" data-e-type="container">
				<div class="elementor-element elementor-element-c1f410c elementor-widget elementor-widget-heading" data-id="c1f410c" data-element_type="widget" data-e-type="widget" data-widget_type="heading.default">
				<div class="elementor-widget-container">
					<h2 class="elementor-heading-title elementor-size-default">Rencontrer les orateurs</h2>				</div>
				</div>
				<div class="elementor-element elementor-element-7ab77d47 elementor-widget elementor-widget-text-editor" data-id="7ab77d47" data-element_type="widget" data-e-type="widget" data-widget_type="text-editor.default">
				<div class="elementor-widget-container">
									<p><strong>Esther Alarcón Lladó</strong> (né en 1982) est chef de groupe scientifique à l'institut AMOLF de l'Organisation mondiale de la santé et professeur à l'Institut Van' Hoff des sciences moléculaires (HIMS) de l'université d'Amsterdam.</p>
<p>Après son <em>cum laude</em> Doctorat à Barcelone (7<sup>th</sup> Juillet 2009), Esther a occupé des postes de post-doc à A-STAR (Singapour), Lawrence Berkeley National Laboratories (CA, USA), et à l'EPFL (Lausanne). </p>								</div>
				</div>
				</div>
					</div>
				</div>
		<div class="elementor-element elementor-element-4b80bbd e-con-full e-flex e-con e-child" data-id="4b80bbd" data-element_type="container" data-e-type="container">
				<div class="elementor-element elementor-element-f83c437 elementor-widget elementor-widget-text-editor" data-id="f83c437" data-element_type="widget" data-e-type="widget" data-widget_type="text-editor.default">
				<div class="elementor-widget-container">
									<p>Tous ces laboratoires sont renommés et les projets qu'elle y a menés lui ont permis d'acquérir une expertise dans un très large éventail de domaines de recherche. Elle s'est spécialisée dans la photo-électrochimie, la photovoltaïque, la nanofabrication et la nanophotonique, et s'est ainsi formée pour devenir une scientifique véritablement multidisciplinaire qui intègre la chimie, la physique, la science des matériaux et l'ingénierie. Pendant son post-doc, Esther a obtenu quatre bourses prestigieuses qui ont financé ses recherches (bourse Fulbright, bourse Beatriu de Pinos Generalitat, bourse Marie-Curie de l'UE et bourse Ambizione Energy). En 2016, Esther a fondé le groupe "3D Photovoltaics" à AMOLF.</p>								</div>
				</div>
		<div class="elementor-element elementor-element-5504f13 e-con-full e-flex e-con e-child" data-id="5504f13" data-element_type="container" data-e-type="container">
		<div class="elementor-element elementor-element-3b40a22 e-flex e-con-boxed e-con e-child" data-id="3b40a22" data-element_type="container" data-e-type="container">
					<div class="e-con-inner">
		<div class="elementor-element elementor-element-5f6afe6 e-con-full e-flex e-con e-child" data-id="5f6afe6" data-element_type="container" data-e-type="container">
				<div class="elementor-element elementor-element-942ad1e elementor-widget elementor-widget-image" data-id="942ad1e" data-element_type="widget" data-e-type="widget" data-widget_type="image.default">
				<div class="elementor-widget-container">
															<img fetchpriority="high" decoding="async" width="250" height="273" src="https://photonicsnl.com/wp-content/uploads/2024/05/TaoQ2022.jpg" class="attachment-large size-large wp-image-2027" alt="" srcset="https://photonicsnl.com/wp-content/uploads/2024/05/TaoQ2022.jpg 250w, https://photonicsnl.com/wp-content/uploads/2024/05/TaoQ2022-11x12.jpg 11w" sizes="(max-width: 250px) 100vw, 250px" />															</div>
				</div>
				</div>
		<div class="elementor-element elementor-element-c1ca741 e-con-full e-flex e-con e-child" data-id="c1ca741" data-element_type="container" data-e-type="container">
				<div class="elementor-element elementor-element-11d0844 elementor-widget elementor-widget-text-editor" data-id="11d0844" data-element_type="widget" data-e-type="widget" data-widget_type="text-editor.default">
				<div class="elementor-widget-container">
									<p><strong>Qian <span class="outlook-search-highlight" data-markjs="true">Tao</span></strong> est professeur adjoint au département de physique de l'imagerie de l'université de technologie de Delft, aux Pays-Bas. Elle dirige le laboratoire d'IA de TU Delft pour l'imagerie médicale. Qian est affiliée au Biomedical Imaging Group Rotterdam (BIGR), département de radiologie et de médecine nucléaire, Erasmus Medical Center. </p>								</div>
				</div>
				</div>
					</div>
				</div>
		<div class="elementor-element elementor-element-95288ee e-con-full e-flex e-con e-child" data-id="95288ee" data-element_type="container" data-e-type="container">
				<div class="elementor-element elementor-element-607d77c elementor-widget elementor-widget-text-editor" data-id="607d77c" data-element_type="widget" data-e-type="widget" data-widget_type="text-editor.default">
				<div class="elementor-widget-container">
									<div>Qian fait partie du comité de rédaction du RSNA Journal <i>Radiologie : Intelligence artificielle</i>. Elle fait partie du comité du registre international SCMR, la plus grande base de données clinique d'IRM cardiaque au monde. Qian a été présidente du programme et présidente de zone pour MICCAI et AAAI. Avant de rejoindre la TU Delft, Qian était chercheuse au LKEB, département de radiologie, centre médical de l'université de Leiden. Elle a obtenu son doctorat à l'université de Twente, aux Pays-Bas, ainsi qu'une maîtrise et une licence avec distinction à l'université de Fudan, en Chine.</div>
<div class="elementToProof"> </div>
<div class="elementToProof">Ses recherches portent sur l'IA digne de confiance pour l'imagerie médicale, dans le but de comprendre l'incertitude de l'IA et d'améliorer sa fiabilité dans les applications d'imagerie médicale à fort enjeu et en général.</div>								</div>
				</div>
				</div>
				</div>
				</div>
				</div>
				</div>
				</div>

<p>Le mini-symposium Women in Photonics Benelux vise à rassembler les professionnels et les universitaires pour qu'ils se soutiennent mutuellement.</p>
